lse
Suppose -2*c + 9 = -5*c. Let w(f) = f**3 - 5*f - 2. Let k be w(c). Let b = 77 - k. Is b prime?
False
Let b(t) = t**3 - 7*t**2 + 6*t + 4. Let v be b(6). Suppose 2*o = -5*a + o - 5, -v*a = -o - 5. Suppose a = 4*r - 98 + 14. Is r prime?
False
Let q(d) = -14*d**3 + 4*d**2 + 4*d + 3. Is q(-2) composite?
True
Let l be (-32)/12 + 4/6. Let d(c) = -c**2 - 2*c + 2. Let w be d(l). Is 0 + -65*w/(-2) a prime number?
False
Let n(h) = h**3 + 4*h**2 - 2*h - 4. Let b be n(-3). Let x = b - 7. Is 2/3*402/x prime?
True
Let b(u) = u**3 - 4*u**2 + 2*u - 6. Suppose 2*w - 2*j = 14, 1 = j + 4. Let h be b(w). Suppose t - 33 = -h*t. Is t prime?
True
Suppose 0*g - 3 = 3*g. Let t be (0 - 159/g)/1. Suppose 5*u = 2*u + t. Is u a prime number?
True
Let d(r) = 3*r**3 - 3*r**2 - r + 2. Let v be d(2). Is (v/10)/(2/25) prime?
False
Let y(z) = z**3 + 7*z**2 + 6*z + 1. Let n be y(-6). Is n/((-1)/6*-2) composite?
False
Suppose -2*k + 18 = 3*k + 4*x, k - 12 = 2*x. Let u be 2 + 1 + -5 - -3. Let m = k + u. Is m a composite number?
False
Is ((-92)/(-3) - 5) + (-2)/3 composite?
True
Let b be (6 + -2)/(2 + -3). Let f(u) = -3*u + 12. Let q(r) = -2*r + 6. Let m(k) = -6*f(k) + 11*q(k). Is m(b) prime?
False
Let t = -75 - -222. Let d = t + -34. Is d a composite number?
False
Is (-12)/3 - 450/(-3) a composite number?
True
Let c be (5/(-2))/(3/(-6)). Suppose -6*k + 2 = -c*k. Is (-2 - 4)/(k/(-7)) prime?
False
Let t = 4 + 35. Is t a composite number?
True
Is 1/(-1) - (1 - 0)*-788 composite?
False
Let n be (-64 - (-2 - -1)) + -2. Let k = n - -108. Is k a composite number?
False
Let o be (-4)/(-4) - (-2 - -6). Is 1/o - 896/(-6) prime?
True
Suppose 4*o + o - 15 = 0. Suppose -5*m + 16 = -2*n, -n + 2*n = -o. Suppose -3*b + 85 = -m*b. Is b a composite number?
True
Suppose 2*y = -2*z + 4*y + 3636, 3*z - 5447 = -4*y. Is z a prime number?
False
Let h(o) = 6*o + 4*o**2 + 14*o + 0 + 3 - 5*o. Is h(-10) a prime number?
False
Let a(l) = 27*l + 8. Is a(9) composite?
False
Is (6 + -1)*(-257)/(-5) composite?
False
Suppose 2*m + 1 = 7. Suppose t + 326 = m*t. Is t a composite number?
False
Suppose -5*x + 30 = -0*x. Let j be 3*x/(-9)*1. Is -3 + (34 + j - -2) a prime number?
True
Let f(j) = 26*j**2 - j + 4. Let v be f(3). Suppose 3*q - v = -2*q. Is q composite?
False
Let h(b) = 2*b + 127. Is h(0) a prime number?
True
Is ((-4)/(-8))/(2/1004) a composite number?
False
Let i be 1*-2*37/(-2). Let q be ((-2)/(-6))/((-15)/(-90)). Let m = q + i. Is m a composite number?
True
Is (211 + -5)/((-3)/(-3)) composite?
True
Let j(a) = 26*a**2 + 2*a. Let o be j(2). Let v be (1/2)/(2/o). Let m = v + -8. Is m a prime number?
True
Suppose 4*z - 2*z + 3*o - 3133 = 0, -o = 3*z - 4682. Is z prime?
True
Suppose -185 = -0*k - 5*k. Is k prime?
True
Let o = 1 - -1. Suppose 0 = -w + 2*t - 11, -28 = o*w - 4*t + 2*t. Let i = w + 31. Is i prime?
False
Let g be 20 - ((-20)/4 + 4). Suppose -45 = 18*m - g*m. Is m composite?
True
Suppose -23 + 6 = -3*q - 2*z, 0 = 2*q - 4*z + 10. Suppose l = -q*l + 236. Is l composite?
False
Suppose 522 = 3*i - 1581. Is i a composite number?
False
Suppose -3*v = -q - 6, -2*v - 2*q = -6*v + 6. Let g = v + 10. Is g a prime number?
True
Let v = -5 - -3. Let y be (v/(-4))/(1/(-72)). Is y/((-3)/1) - 1 prime?
True
Let y(h) = h**3 - 3*h**2 - 3*h + 7. Let i be y(6). Let w = i + -44. Is w a prime number?
True
Let q = 68 - 96. Let t = 107 + q. Is (-2)/(1*(-2)/t) a composite number?
False
Let b(m) = -m**2 + 6*m. Let w be b(6). Suppose -c + w*c = 4. Let g(t) = -2*t**3 + 6*t**2 + 3*t - 1. Is g(c) composite?
False
Let b be (-1)/(-1 + 2/4). Suppose 5*z = -5*o, 3*z + 0 = -b*o - 2. Is o prime?
True
Suppose 3*h - 380 = -41. Is h a composite number?
False
Let s(t) = -29*t**3 + 2*t**2 - 2*t. Let v be s(2). Let x = 415 + v. Is x a prime number?
False
Suppose 0*m + m = 119. Suppose -3*c + 29 = m. Let b = c - -95. Is b a prime number?
False
Is 4 - -10*(-634)/(-4) composite?
True
Let z = -58 + 96. Suppose z = 4*j - 10. Suppose b - 5*b = j, 2*r - 73 = b. Is r prime?
False
Let j = 282 + -119. Is j composite?
False
Suppose 2*g - 25183 = 5*x - 65780, -4*x - 4*g = -32500. Is x a prime number?
False
Suppose -i = -2 - 1. Suppose -1 = -2*r + 3. Suppose -r*u + i*d + 132 = 28, -4*d + 41 = u. Is u a composite number?
True
Suppose 4*w + 2694 = 2*u - 0*w, -5*u - 2*w = -6675. Is u a composite number?
True
Let d be (-2)/(-8) - (-22)/8. Suppose -d*n + 0*a - 212 = -a, 16 = -4*a. Let b = -13 - n. Is b a prime number?
True
Let i = -447 + 306. Let k = -52 - i. Is k composite?
False
Let x be (-1)/(4/(1 + -45)). Let b = 15 + x. Is b a prime number?
False
Let j(n) = -93*n + 5. Is j(-2) prime?
True
Let t(o) = -o**3 - o**2 - 1. Let x(l) = -5*l**3 + 7*l**2 + 3*l + 9. Let c(k) = 6*t(k) + x(k). Let n(u) = u**2 - 4*u - 7. Let s be n(5). Is c(s) prime?
True
Let h = -2 - -13. Suppose t = -4*z + 30, 0 = t + 3*z - 19 - h. Suppose 5*w = 2*w + t. Is w a prime number?
False
Let k = 9 - 6. Suppose -k*x = -x - 500. Suppose -6*l + 2*l = -5*g - x, l + 2*g = 69. Is l a composite number?
True
Let u(h) = 3*h**2 + 4*h - 6. Is u(5) composite?
False
Suppose -i + 3*i - 5*f = 288, 0 = -2*i + 2*f + 294. Is i composite?
False
Let z be (24/10)/(3/15). Suppose z = 2*c - 6*c. Is 59 - c*(-4)/6 a composite number?
True
Suppose -f + 12 = -4*d - 1, 4*f - 16 = 4*d. Let r be 1*-2*f - -42. Suppose 4*w = t + r, -5*w - t + 37 = t. Is w composite?
True
Let h(v) = 6*v**2 + 3*v + 4. Let a = -8 + 18. Let j = a - 7. Is h(j) a composite number?
False
Suppose -41 = -4*q + 155. Is q a prime number?
False
Suppose 3*j + 2612 = 7*j. Is j composite?
False
Let k(h) = -h**3 + 5*h**2 + 5*h + 8. Let s be k(6). Suppose -s*u = c - 27, -2*u + 6*c = 3*c - 23. Is u composite?
False
Let h(k) = -k - 1. Let s be h(0). Let l = -1 - s. Is 67 + (0 - l/1) prime?
True
Let v = -671 + 1252. Is v a prime number?
False
Let m be (-1 - 3)/12*-3. Let g(j) = j**2 - j - 2. Let t be g(0). Is -38*(m/t)/1 a composite number?
False
Let t(y) = y. Let h(p) = -6*p + 3. Let i(s) = h(s) + 4*t(s). Let g(f) = -f**3 + 8*f**2 - 9*f + 8. Let x be g(7). Is i(x) a prime number?
False
Let b be ((-14)/(-4) + -2)*-2. Let x(r) = -r**3 + r**2 - 1. Is x(b) a prime number?
False
Let h(k) = -3*k - 6. Let w be h(-3). Is (w - 96)/(-1) - -4 prime?
True
Let l(j) = 2*j**2 - 2*j - 1. Let d be l(2). Suppose -3*n + n = 0, -4*x - 92 = -d*n. Is x*9/(3 + -6) prime?
False
Suppose 0 = 33*k - 39*k + 64806. Is k a prime number?
False
Let r(s) = 4*s - 2. Let c be r(-2). Is (-6)/c + 2364/10 a prime number?
False
Suppose 3*d - 2 = 4, i + 5*d = 3. Let y = i - -62. Is y composite?
True
Let l(v) = -v**3 + 2*v**2 + 2*v - 1. Let i be l(2). Suppose -i*x + 11 = -1. Suppose -2*r = -3*p + 148 - 48, 137 = x*p + r. Is p composite?
True
Let k(g) = g**3 + 4*g**2 - 5*g + 3. Let b be k(-5). Let d = b + 2. Suppose -d*w + 522 - 57 = 0. Is w a composite number?
True
Suppose 2*w - 275 = -735. Let v = -87 - w. Is v a composite number?
True
Suppose c = 5, 2*k - 417 = k - 2*c. Is k prime?
False
Suppose -196 = 4*j + 2*q, -4*j - 3*q = -0*j + 200. Let s = j + 126. Is s prime?
True
Let n be (17/(-3))/(4/(-24)). Let s = n - -40. Is s a prime number?
False
Suppose 0*m = -5*m + 30. Suppose m = -p + 3. Is p/12 - 266/(-8) prime?
False
Let j be -2*1 - (-1 + -1). Suppose j = 4*f - 3*a - 20, -4*f + 0*f = 5*a - 20. Suppose 3*r - f*v = 478, 4 + 0 = 4*v. Is r a composite number?
True
Suppose -n + 8 + 135 = 0. Is n a prime number?
False
Suppose 96 = -c - 611. Let w = 1100 + c. Is w a composite number?
True
Let x(j) be the first derivative of -1/4*j**4 + 1 - 3*j**3 + 8*j - 3/2*j**2. Is x(-9) a prime number?
False
Let v(y) = -y + y + 6*y**2 + 3 - 2*y. Is v(3) composite?
True
Let j be 16/2 - (-4 - -5). Let q = j - 9. Let u = q + 17. Is u a prime number?
False
Suppose -5 + 1 = -2*t. Suppose -t*f + f + 4 = 0. Suppose 0 = d + f*w + 13, 3*w + 43 = d + 3*d. Is d composite?
False
Let c(o) = -o**3 + 4*o**2 - o - 3. Let g be c(3). Suppose -j + g + 1 = 0. Let n(h) = h**3 + h**2 + 3*h + 5. Is n(j) a prime number?
True
Suppose -d = -3, -4*v - 5*d + 0*d + 235 = 0. Is v a prime number?
False
Suppose h + 3*h - 532 = 0. Let n = -55 + h. Let z = 239 - n. Is z composite?
True
Suppose 2*s = b + 10, 3*s = -b - 4*b + 15. Suppose 3*j - 159 = 2*u, 5*j + b*j - 5*u - 260 = 0. Is j a prime number?
False
Let l = 210 - -11. Is l a composi